{"id":989,"date":"2015-12-18T21:23:56","date_gmt":"2015-12-18T21:23:56","guid":{"rendered":"http:\/\/demo.themes4wp.com\/kakina\/?post_type=product&#038;p=947"},"modified":"2026-02-16T01:12:38","modified_gmt":"2026-02-16T01:12:38","slug":"old-photomaker","status":"publish","type":"product","link":"https:\/\/suitescervantes.com\/?product=old-photomaker","title":{"rendered":"Estudio"},"content":{"rendered":"<p id=\"tw-target-text\" class=\"tw-data-text tw-text-large tw-ta\" dir=\"ltr\" tabindex=\"-1\" role=\"text\" data-placeholder=\"Traducci\u00f3n\" data-ved=\"2ahUKEwi_xN352tySAxWuHzQIHV4SGgIQ3ewLegQIEBAW\" aria-label=\"Texto traducido: Esta suite cuenta con entrada privada, aire acondicionado, sala de estar, dormitorio independiente y ba\u00f1o con ducha. La cocina est\u00e1 equipada con nevera, utensilios de cocina, horno y microondas. Adem\u00e1s, dispone de balc\u00f3n con vistas al jard\u00edn, tetera\/cafetera y TV de pantalla plana con canales por cable. Dispone de 3 camas.\"><span class=\"Y2IQFc\" lang=\"es\">Esta suite cuenta con entrada privada, aire acondicionado, sala de estar, dormitorio independiente y ba\u00f1o con ducha. <\/span><\/p>\n<p class=\"tw-data-text tw-text-large tw-ta\" dir=\"ltr\" tabindex=\"-1\" role=\"text\" data-placeholder=\"Traducci\u00f3n\" data-ved=\"2ahUKEwi_xN352tySAxWuHzQIHV4SGgIQ3ewLegQIEBAW\" aria-label=\"Texto traducido: Esta suite cuenta con entrada privada, aire acondicionado, sala de estar, dormitorio independiente y ba\u00f1o con ducha. La cocina est\u00e1 equipada con nevera, utensilios de cocina, horno y microondas. Adem\u00e1s, dispone de balc\u00f3n con vistas al jard\u00edn, tetera\/cafetera y TV de pantalla plana con canales por cable. Dispone de 3 camas.\"><span class=\"Y2IQFc\" lang=\"es\">La cocina est\u00e1 equipada con nevera, utensilios de cocina, horno y microondas. Adem\u00e1s, dispone de balc\u00f3n con vistas al jard\u00edn, tetera\/cafetera y TV de pantalla plana con canales por cable. Dispone de 3 camas.<\/span><\/p>\n","protected":false},"excerpt":{"rendered":"<p id=\"tw-target-text\" class=\"tw-data-text tw-text-large tw-ta\" dir=\"ltr\" tabindex=\"-1\" role=\"text\" data-placeholder=\"Traducci\u00f3n\" data-ved=\"2ahUKEwjc3vDA6dySAxXaJUQIHRkEEo0Q3ewLegQIDBAW\" aria-label=\"Texto traducido: Esta suite cuenta con entrada privada, aire acondicionado, sala de estar, dormitorio independiente y ba\u00f1o con ducha. La cocina est\u00e1 equipada con nevera, utensilios de cocina, horno y microondas. Adem\u00e1s, dispone de balc\u00f3n con vistas al jard\u00edn, tetera\/cafetera y TV de pantalla plana con canales por cable. Dispone de 3 camas.\"><span class=\"Y2IQFc\" lang=\"es\">Balc\u00f3n con vistas al jard\u00edn, tetera\/cafetera y TV de pantalla plana con canales por cable. <\/span><\/p>\n","protected":false},"featured_media":1670,"comment_status":"open","ping_status":"closed","template":"","meta":[],"product_cat":[141,142],"product_tag":[114,120],"class_list":{"0":"post-989","1":"product","2":"type-product","3":"status-publish","4":"has-post-thumbnail","6":"product_cat-estudio","7":"product_cat-suites_habitaciones","8":"product_tag-maker","9":"product_tag-old","11":"first","12":"instock","13":"shipping-taxable","14":"product-type-simple"},"_links":{"self":[{"href":"https:\/\/suitescervantes.com\/index.php?rest_route=\/wp\/v2\/product\/989","targetHints":{"allow":["GET"]}}],"collection":[{"href":"https:\/\/suitescervantes.com\/index.php?rest_route=\/wp\/v2\/product"}],"about":[{"href":"https:\/\/suitescervantes.com\/index.php?rest_route=\/wp\/v2\/types\/product"}],"replies":[{"embeddable":true,"href":"https:\/\/suitescervantes.com\/index.php?rest_route=%2Fwp%2Fv2%2Fcomments&post=989"}],"version-history":[{"count":2,"href":"https:\/\/suitescervantes.com\/index.php?rest_route=\/wp\/v2\/product\/989\/revisions"}],"predecessor-version":[{"id":1671,"href":"https:\/\/suitescervantes.com\/index.php?rest_route=\/wp\/v2\/product\/989\/revisions\/1671"}],"wp:featuredmedia":[{"embeddable":true,"href":"https:\/\/suitescervantes.com\/index.php?rest_route=\/wp\/v2\/media\/1670"}],"wp:attachment":[{"href":"https:\/\/suitescervantes.com\/index.php?rest_route=%2Fwp%2Fv2%2Fmedia&parent=989"}],"wp:term":[{"taxonomy":"product_cat","embeddable":true,"href":"https:\/\/suitescervantes.com\/index.php?rest_route=%2Fwp%2Fv2%2Fproduct_cat&post=989"},{"taxonomy":"product_tag","embeddable":true,"href":"https:\/\/suitescervantes.com\/index.php?rest_route=%2Fwp%2Fv2%2Fproduct_tag&post=989"}],"curies":[{"name":"wp","href":"https:\/\/api.w.org\/{rel}","templated":true}]}}