{"id":933,"date":"2016-12-18T21:18:55","date_gmt":"2016-12-18T21:18:55","guid":{"rendered":"http:\/\/demo.themes4wp.com\/kakina\/?post_type=product&#038;p=933"},"modified":"2026-02-16T00:39:26","modified_gmt":"2026-02-16T00:39:26","slug":"objectiv-alpha","status":"publish","type":"product","link":"https:\/\/suitescervantes.com\/?product=objectiv-alpha","title":{"rendered":"Habitaci\u00f3n doble"},"content":{"rendered":"\t\t<div data-elementor-type=\"wp-post\" data-elementor-id=\"933\" class=\"elementor elementor-933\">\n\t\t\t\t<div class=\"elementor-element elementor-element-1012d80c e-flex e-con-boxed e-con e-parent\" data-id=\"1012d80c\" data-element_type=\"container\" data-settings=\"{&quot;content_width&quot;:&quot;boxed&quot;}\" data-core-v316-plus=\"true\">\n\t\t\t\t\t<div class=\"e-con-inner\">\n\t\t\t\t<div class=\"elementor-element elementor-element-72ed8ce4 elementor-widget elementor-widget-text-editor\" data-id=\"72ed8ce4\" data-element_type=\"widget\" data-widget_type=\"text-editor.default\">\n\t\t\t\t<div class=\"elementor-widget-container\">\n\t\t\t<style>\/*! elementor - v3.19.0 - 07-02-2024 *\/\n.elementor-widget-text-editor.elementor-drop-cap-view-stacked .elementor-drop-cap{background-color:#69727d;color:#fff}.elementor-widget-text-editor.elementor-drop-cap-view-framed .elementor-drop-cap{color:#69727d;border:3px solid;background-color:transparent}.elementor-widget-text-editor:not(.elementor-drop-cap-view-default) .elementor-drop-cap{margin-top:8px}.elementor-widget-text-editor:not(.elementor-drop-cap-view-default) .elementor-drop-cap-letter{width:1em;height:1em}.elementor-widget-text-editor .elementor-drop-cap{float:left;text-align:center;line-height:1;font-size:50px}.elementor-widget-text-editor .elementor-drop-cap-letter{display:inline-block}<\/style>\t\t\t\t<p id=\"tw-target-text\" class=\"tw-data-text tw-text-large tw-ta\" dir=\"ltr\" tabindex=\"-1\" role=\"text\" data-placeholder=\"Traducci\u00f3n\" data-ved=\"2ahUKEwi_xN352tySAxWuHzQIHV4SGgIQ3ewLegQIEBAW\" aria-label=\"Texto traducido: Esta habitaci\u00f3n doble cuenta con art\u00edculos de aseo gratuitos y ba\u00f1o privado con ducha. Los hu\u00e9spedes pueden preparar sus comidas en la cocina totalmente equipada, con nevera, utensilios de cocina y microondas. La espaciosa habitaci\u00f3n doble cuenta con aire acondicionado, TV de pantalla plana con canales por cable, entrada privada, tetera\/cafetera, armario y vistas al jard\u00edn. El alojamiento cuenta con 1 cama.\"><span class=\"Y2IQFc\" lang=\"es\">Esta habitaci\u00f3n <\/span>cuenta con art\u00edculos de aseo gratuitos y ba\u00f1o privado con ducha. Los hu\u00e9spedes pueden preparar sus comidas en la cocina totalmente equipada, con nevera, utensilios de cocina y microondas. Espaciosa habitaci\u00f3n con aire acondicionado, TV de pantalla plana con canales por cable, entrada privada, tetera\/cafetera, armario y vistas al jard\u00edn. El alojamiento cuenta con 1 cama.<\/p>\t\t\t\t\t\t<\/div>\n\t\t\t\t<\/div>\n\t\t\t\t\t<\/div>\n\t\t\t\t<\/div>\n\t\t\t\t<\/div>\n\t\t","protected":false},"excerpt":{"rendered":"<h1 class=\"b87c397a13 cd83813898\" data-testid=\"rp-room-title\">Habitaci\u00f3n Doble Deluxe<\/h1>\n<p>Cama doble, adem\u00e1s cuenta con nevera, microondas y utensilios de cocina.<\/p>\n","protected":false},"featured_media":1658,"comment_status":"open","ping_status":"closed","template":"","meta":[],"product_cat":[141,139,140,142],"product_tag":[],"class_list":{"0":"post-933","1":"product","2":"type-product","3":"status-publish","4":"has-post-thumbnail","6":"product_cat-estudio","7":"product_cat-habitacion","8":"product_cat-suite","9":"product_cat-suites_habitaciones","11":"first","12":"instock","13":"shipping-taxable","14":"product-type-simple"},"_links":{"self":[{"href":"https:\/\/suitescervantes.com\/index.php?rest_route=\/wp\/v2\/product\/933","targetHints":{"allow":["GET"]}}],"collection":[{"href":"https:\/\/suitescervantes.com\/index.php?rest_route=\/wp\/v2\/product"}],"about":[{"href":"https:\/\/suitescervantes.com\/index.php?rest_route=\/wp\/v2\/types\/product"}],"replies":[{"embeddable":true,"href":"https:\/\/suitescervantes.com\/index.php?rest_route=%2Fwp%2Fv2%2Fcomments&post=933"}],"version-history":[{"count":6,"href":"https:\/\/suitescervantes.com\/index.php?rest_route=\/wp\/v2\/product\/933\/revisions"}],"predecessor-version":[{"id":1664,"href":"https:\/\/suitescervantes.com\/index.php?rest_route=\/wp\/v2\/product\/933\/revisions\/1664"}],"wp:featuredmedia":[{"embeddable":true,"href":"https:\/\/suitescervantes.com\/index.php?rest_route=\/wp\/v2\/media\/1658"}],"wp:attachment":[{"href":"https:\/\/suitescervantes.com\/index.php?rest_route=%2Fwp%2Fv2%2Fmedia&parent=933"}],"wp:term":[{"taxonomy":"product_cat","embeddable":true,"href":"https:\/\/suitescervantes.com\/index.php?rest_route=%2Fwp%2Fv2%2Fproduct_cat&post=933"},{"taxonomy":"product_tag","embeddable":true,"href":"https:\/\/suitescervantes.com\/index.php?rest_route=%2Fwp%2Fv2%2Fproduct_tag&post=933"}],"curies":[{"name":"wp","href":"https:\/\/api.w.org\/{rel}","templated":true}]}}